e factors of f(0)?
51347
Let p be (24/(-32))/(1 + 17/(-16)). Let d be ((-27)/(-12) - 2) + 33/p. Suppose 0 = -w + d*z + 184, -5*w + 4*z = 5*z - 840. List the prime factors of w.
13
Let i = 17731 - 12125. List the prime factors of i.
2, 2803
Let h(w) = 2*w**2 - 3*w - 4. Let r be h(-3). Suppose 127*o - 205 = -5*a + 124*o, -4*o - 205 = -5*a. Suppose -4*p + r = -a. What are the prime factors of p?
2
Let v(i) = 49*i + i + 29*i**2 - 14*i + 1. What are the prime factors of v(-5)?
2, 3, 7, 13
Let z be 18 + ((-12)/42 - 25/35). Suppose 0*x + z*x - 17000 = 0. What are the prime factors of x?
2, 5
Let x = 98 + -61. Suppose -11 - x = -3*u. What are the prime factors of (3 - 4/4) + 12*u?
2, 97
Let f(q) = 4*q**3 + 5*q**2 - 42*q + 4. What are the prime factors of f(7)?
1327
Let u be 9 + -3 - (3 - 0) - -1. Suppose 9*o + 4*n - 2816 = 5*o, -2117 = -3*o - u*n. List the prime factors of o.
3, 233
Suppose 2*u + 4 = 2*p + 8, 3*p - 2 = u. Let l(x) = -x**3 - 4*x**2 + 4*x - 3. Let z be l(-5). Suppose -u*t = -z*t - 248. What are the prime factors of t?
2, 31
Let q = 127 - -1709. Suppose 37*t - q = 33*t. What are the prime factors of t?
3, 17
Let q = 26 - 28. Let i be q/((4/(-6))/1). List the prime factors of i - -10*8*(-9)/(-10).
3, 5
Suppose 291 = -8*u + 6*u - 5*l, -2*l = -4*u - 642. Let q = 477 + u. List the prime factors of q.
11, 29
Let r(m) = 1447*m**2 + 9*m - 9. Let z(l) = l**2 + 28*l + 53. Let o be z(-26). List the prime factors of r(o).
1447
Suppose -4*z + 8 + 0 = 4*y, 0 = y - z + 2. Let p = 17 - 12. Suppose -s - 106 = -p*i, y*i + 4*i - 84 = s. List the prime factors of i.
2, 11
Suppose 897 = -29*i + 44049. Let w = 2226 - i. What are the prime factors of w?
2, 3, 41
Let w(l) = 3*l**3 - 16*l**2 - 11*l - 6. Let m be w(6). Suppose m = -y - 3*y - 4*s + 3768, 4*y = 4*s + 3768. List the prime factors of y.
2, 3, 157
Let f be (-12)/8*(-2)/3*29. Let o = 46 + f. What are the prime factors of o?
3, 5
Suppose -1721*c + 1704*c = -1057485. What are the prime factors of c?
3, 5, 11, 13, 29
Let k = -825 + 2003. Let q = -701 + k. List the prime factors of q.
3, 53
Let k(c) = 74*c**3 - 1. Let d(r) = -2*r**2 - 6*r + 7. Let b be d(-4). Let g be (-1)/(b/(6/(-3) - -3)). What are the prime factors of k(g)?
73
What are the prime factors of ((-23430)/990)/((-1)/132)?
2, 11, 71
Let i(f) = -56*f**3 + 2*f**2 - 28*f + 85. List the prime factors of i(-8).
3, 31, 313
Let g be (-89635)/(-20) + -2 + (-27)/(-12). Let w = g - 2913. What are the prime factors of w?
3, 523
Suppose 2*j - 2*v = -3*j + 3, 3*v = -12. Let w be -32*114/(-12) + j + -3. Suppose 0*n - w = -3*n. List the prime factors of n.
2, 5
Let f(r) = r**3 - 24*r**2 + 35*r + 87. Let b be f(25). Let z = b - 1112. What are the prime factors of z?
5, 19
Let i(m) = m**3 + 10*m**2 + 16*m + 3. Let b be i(-8). Suppose 3*o = -2*y - 11, b*y - o = 4*y + 5. What are the prime factors of y/10 - 6842/(-55)?
2, 31
Let r = 18834 + -10050. What are the prime factors of r?
2, 3, 61
Suppose 33*p - 40*p + 35 = 0. Suppose -4*w - 2*v + 1092 = 2*v, -5*v - 1395 = -p*w. List the prime factors of w.
2, 3, 23
Suppose -2*i + 13210 = 8*r - 12*r, 3*r = 18. What are the prime factors of i?
13, 509
Let i(x) = -x**2 + 9*x - 12. Suppose 0 = -3*j - 5*c + 13, 5*j + c = 6*c + 35. Let o be i(j). Suppose -17 = -y + o. List the prime factors of y.
23
Let y = 275 - 607. Let t = y + 517. Suppose t = 3*h - 139. List the prime factors of h.
2, 3
Suppose -4*c - 5*y = -293 - 196, -138 = -c + 4*y. Suppose -5*t = -4*b - 13 - 27, 0 = 2*t + 5*b + 17. Suppose -t*n = 2*n - c. What are the prime factors of n?
3, 7
Let h(a) = a**3 + 11*a**2 + 26*a + 26. Let y be h(-8). Suppose 0 = -y*r - 417 + 1627. What are the prime factors of r?
11
Let f(w) = 2*w**3 - 36*w**2 + 26*w - 52. Suppose -19*s - i = -20*s + 23, -2*s + 4*i = -56. What are the prime factors of f(s)?
2, 13
What are the prime factors of -5*(-2)/(-4)*(-9)/90*10784?
2, 337
Suppose -4*n - 15*n + 326638 = 7*n. What are the prime factors of n?
17, 739
Let b(j) = j**2 - 37*j + 31. Let r(k) = -2*k**2 + 37*k - 31. Let p(a) = -4*b(a) - 5*r(a). What are the prime factors of p(-10)?
7, 11, 13
Suppose -5*m + 2*k = -82102 - 6460, -m - 2*k + 17722 = 0. List the prime factors of m.
2, 17, 521
Let f(u) be the third derivative of 29/3*u**3 - 1/120*u**6 - 2*u**2 + 0*u + 0*u**5 + 0 + 0*u**4. List the prime factors of f(0).
2, 29
Suppose -2*a - 2*a - 6 = x, -x - 5*a = 8. Let q be (-6*(-1)/x)/((-10)/(-90)). Let n = q + 73. What are the prime factors of n?
2, 5
Suppose 17383 = 5*m + p, -m = -p - 589 - 2896. What are the prime factors of m?
2, 37, 47
Let w(q) = q + 9. Let n be w(-9). Suppose 0 = -4*s + 16, -3*r - 4*s - 40 + 2 = n. List the prime factors of -2 + r/(-10) - (-952)/35.
3
Let x be ((-4)/(16/(-17)))/((-4)/(-32)). Let v = x + -43. List the prime factors of (-3)/(v/(-147))*(1 + -3).
2, 7
Suppose -w - 1774 = -2050. Let i = w + 1. List the prime factors of i.
277
Let o(q) = q**3 - 2*q**2 - 6*q - 4. Let h be o(4). Suppose -h*g = -1 - 11. Suppose 0 = -i - 5*s + 58, g*i + 5*s = 4*i - 98. List the prime factors of i.
2, 3, 13
Let d(g) = 2*g**2 + g + 3. Let v be d(0). Suppose -z = -v*z - 4. List the prime factors of 18/36 + (-51)/z.
2, 13
Suppose -306*i - 49*i = -7474880. What are the prime factors of i?
2, 7, 47
Suppose -218*v = -216*v - 118 - 1234. What are the prime factors of v?
2, 13
Let q = -188 + 202. Let k(y) = 34*y - 114. What are the prime factors of k(q)?
2, 181
Let f be (111 - 115)/(-1*(-2)/(-1236)). Suppose 5*k = 6832 - f. List the prime factors of k.
2, 109
Suppose -4*o + 3*l - 4 = -3*o, -4*l + 17 = o. Suppose 42 = v + 4*m, o*v - 5 = m + 142. What are the prime factors of v?
2, 3, 5
Suppose 4*k - 20 = 0, -2*r + 3*k + 196 = -53. Suppose 167 = 13*a - r. List the prime factors of a.
23
Suppose -3*k = 3 - 12. Suppose -y - j + 569 = 0, k*y - 2*j = -y + 2270. What are the prime factors of y?
2, 71
What are the prime factors of (60/(-9))/10 + (-804340)/(-15) + 8?
2, 5, 31, 173
Let a = -9308 + 15984. List the prime factors of a.
2, 1669
Let k be 74/333 - 2/(-9)*2357. Suppose 246 = 7*i - k. Suppose n - 112 = i. List the prime factors of n.
2, 3, 37
What are the prime factors of ((-9)/(-27)*21)/(1 - (-7470)/(-7476))?
2, 7, 89
Suppose 126861 + 160289 = 68*a - 106094. What are the prime factors of a?
5783
Let s(u) = 7*u - 39. Suppose -5*c - c = -2*c. Suppose -4*h + 10 + 58 = c. List the prime factors of s(h).
2, 5
Let g be -36*(7 + (-232)/32). What are the prime factors of (-72)/20*4*(-705)/g?
2, 3, 47
Suppose 0 = -10*t + 13795 + 69365. What are the prime factors of t?
2, 3, 7, 11
Let k(m) = -199*m**3 - 19*m**2 - 64*m - 41. List the prime factors of k(-4).
12647
Suppose 3*i - 1929 = -2*j, 0 = -2*i + 9 + 1. List the prime factors of j - (10/(-5) - -9).
2, 5, 19
Let f(m) = m**2 - 2*m - 9. Let g be f(5). Suppose -7*y = -g*y - 31. List the prime factors of (2 + -2)*1 + y.
31
Let n be (-148110)/12 + 8 - 2/(-4). List the prime factors of (-10)/12 + n/(-84).
2, 73
Let x(z) = -13*z - 41. Let w be x(-5). Suppose -4*u + 1930 = -2*b, -26*b + w*b = 3*u - 1465. What are the prime factors of u?
5, 97
Let p be (-2)/(-6) + 445/15. Suppose -5*r + 45 = p. Suppose -2*k = 2*w - 124, 0*k + r*k + 4*w = 182. List the prime factors of k.
2, 3, 11
Let f = -15750 - -28079. What are the prime factors of f?
12329
Let l be (608/20)/(3/15). Let s = 255 - l. Suppose -5*n + 72 = -s. List the prime factors of n.
5, 7
List the prime factors of 1/((-11)/592075*-5).
5, 2153
Let y(x) = 4*x**2 + 30*x + 10. List the prime factors of y(39).
2, 227
Let n(q) = -7*q - 19 + 9*q**2 + 45 + 20 + 20 + q. What are the prime factors of n(8)?
2, 3, 11
Suppose 0 = -33*j + 117011 + 78514. List the prime factors of j.
3, 5, 79
Let t be 954/(-4)*(-48)/108. Suppose t*j = 101*j + 1440. What are the prime factors of j?
2, 3
List the prime factors of 2 + (-588)/(5/(-20) + 472/2144).
2, 5, 197
Suppose -4*c = 24 - 4, -2897 = -2*d + 5*c. List the prime factors of d.
2, 359
Suppose -5*v = 15, -20*y - 53943 = -23*y - 2*v. List the prime factors of y.
7, 367
Let l = 6661 - 5400. List the prime factors of l.
13, 97
Suppose 2*n - b + 6*b = 361, 2*n = 2*b + 326. Let f = 191 - n. What are the prime factors of f?
23
Let i = -101 + 63. Let p = i - -41. Suppose -2*a - p*g + 132 = 0, -4*a + 286 = -7*g + 2*g. List th